What are the prime factors of 13358690?
2, 5, 1335869
What are the prime factors of 322608?
2, 3, 11, 13, 47
What are the prime factors of 31869?
3, 3541
What are the prime factors of 501441?
3, 59, 2833
List the prime factors of 245003.
11, 22273
What are the prime factors of 1225302?
2, 3, 13, 23, 683
What are the prime factors of 631484?
2, 7, 19, 1187
List the prime factors of 159751.
107, 1493
What are the prime factors of 383582?
2, 191791
List the prime factors of 4679802.
2, 3, 79, 1097
What are the prime factors of 5626198?
2, 2813099
What are the prime factors of 4247983?
4247983
What are the prime factors of 956629?
31, 30859
What are the prime factors of 1746749?
443, 3943
List the prime factors of 10464513.
3, 3488171
List the prime factors of 10903146.
2, 3, 491, 3701
List the prime factors of 861812.
2, 7, 4397
List the prime factors of 479405.
5, 95881
What are the prime factors of 493421?
601, 821
What are the prime factors of 39143317?
109, 421, 853
List the prime factors of 471173.
471173
What are the prime factors of 1230228?
2, 3, 3797
List the prime factors of 5360527.
19, 307, 919
What are the prime factors of 932059?
17, 109, 503
List the prime factors of 176897.
7, 37, 683
List the prime factors of 568115.
5, 113623
List the prime factors of 1246878.
2, 3, 53, 1307
List the prime factors of 878703.
3, 7, 41843
What are the prime factors of 257728?
2, 4027
What are the prime factors of 6560396?
2, 19, 37, 2333
List the prime factors of 1466853.
3, 113, 4327
What are the prime factors of 180719?
7, 11, 2347
What are the prime factors of 8488275?
3, 5, 113177
List the prime factors of 1478228.
2, 369557
What are the prime factors of 1972292?
2, 7, 70439
List the prime factors of 413542.
2, 17, 12163
What are the prime factors of 311361?
3, 103787
List the prime factors of 70439.
70439
List the prime factors of 29644916.
2, 7, 1058747
What are the prime factors of 131733?
3, 7, 17, 41
List the prime factors of 1709805.
3, 5, 31, 3677
List the prime factors of 219327.
3, 29, 2521
List the prime factors of 273809.
19, 14411
List the prime factors of 100926.
2, 3, 7, 89
What are the prime factors of 3538343?
23, 153841
What are the prime factors of 14028074?
2, 7014037
List the prime factors of 1082642.
2, 11, 49211
List the prime factors of 768833.
13, 59141
List the prime factors of 7802384.
2, 487649
What are the prime factors of 1413123?
3, 471041
What are the prime factors of 533133?
3, 37, 1601
What are the prime factors of 3152233?
7, 19, 137, 173
List the prime factors of 256325.
5, 10253
List the prime factors of 13266953.
7, 17, 111487
What are the prime factors of 107124?
2, 3, 79, 113
What are the prime factors of 169000?
2, 5, 13
What are the prime factors of 347479?
11, 31, 1019
What are the prime factors of 1605408?
2, 3, 7, 2389
What are the prime factors of 2656234?
2, 7, 337, 563
List the prime factors of 813373.
11, 73943
What are the prime factors of 4689503?
7, 13, 29, 1777
List the prime factors of 3851445.
3, 5, 13, 19751
What are the prime factors of 302914?
2, 311, 487
What are the prime factors of 89856?
2, 3, 13
List the prime factors of 220566.
2, 3, 36761
List the prime factors of 33429256.
2, 7, 673, 887
List the prime factors of 333051.
3, 19, 5843
What are the prime factors of 616974?
2, 3, 102829
What are the prime factors of 1771918?
2, 885959
List the prime factors of 2125811.
71, 79, 379
What are the prime factors of 447088?
2, 27943
List the prime factors of 11582529.
3, 7, 551549
List the prime factors of 7085168.
2, 442823
What are the prime factors of 231051?
3, 77017
What are the prime factors of 3970462?
2, 71, 27961
List the prime factors of 4459306.
2, 2229653
What are the prime factors of 5249886?
2, 3, 41, 21341
List the prime factors of 731255.
5, 7, 17, 1229
List the prime factors of 286317.
3, 29, 1097
What are the prime factors of 276450?
2, 3, 5, 19, 97
What are the prime factors of 1655153?
1655153
What are the prime factors of 1170503?
43, 163, 167
What are the prime factors of 1284837?
3, 19, 22541
List the prime factors of 473010.
2, 3, 5, 15767
List the prime factors of 867260.
2, 5, 103, 421
List the prime factors of 476557.
29, 16433
List the prime factors of 6904519.
6904519
List the prime factors of 2255226.
2, 3, 409, 919
List the prime factors of 590382.
2, 3, 13, 29
What are the prime factors of 2650326?
2, 3, 7, 63103
List the prime factors of 24535654.
2, 11, 13, 709
List the prime factors of 1863081.
3, 11, 17, 41
List the prime factors of 917115.
3, 5, 61141
What are the prime factors of 1552076?
2, 37, 10487
List the prime factors of 112034.
2, 13, 31, 139
List the prime factors of 24703909.
23, 1074083
List the prime factors of 901566.
2, 3, 50087
What are the prime factors of 32248845?
3, 5, 73, 9817
List the prime factors of 804464.
2, 137, 367
List the prime factors of 25779940.
2, 5, 1288997
What are the prime factors of 6528723?
3, 19, 47, 2437
What are the prime factors of 3318263?
13, 255251
What are the prime factors of 7426122?
2, 3, 11, 37, 3041
List the prime factors of 4485522.
2, 3, 747587
List the prime factors of 67735.
5, 19, 23, 31
List the prime factors of 7326728.
2, 17, 3169
What are the prime factors of 102934?
2, 13, 37, 107
What are the prime factors of 4102679?
7, 409, 1433
What are the prime factors of 2869516?
2, 13, 139, 397
List the prime factors of 7297161.
3, 2432387
List the prime factors of 405836.
2, 71, 1429
What are the prime factors of 193582?
2, 151, 641
List the prime factors of 112315.
5, 7, 3209
What are the prime factors of 729569?
729569
What are the prime factors of 4692293?
1259, 3727
List the prime factors of 557764.
2, 19, 41, 179
What are the prime factors of 807094?
2, 403547
What are the prime factors of 6095900?
2, 5, 47, 1297
What are the prime factors of 1349359?
11, 241, 509
List the prime factors of 31909459.
17, 71, 26437
List the prime factors of 7012369.
7, 13, 263, 293
What are the prime factors of 4986226?
2, 7, 31, 11489
List the prime factors of 230793.
3, 19, 4049
What are the prime factors of 3499004?
2, 613, 1427
What are the prime factors of 393715?
5, 7, 1607
List the prime factors of 80956.
2, 37, 547
List the prime factors of 12950149.
2143, 6043
What are the prime factors of 323634?
2, 3, 53939
What are the prime factors of 13733923?
7, 1961989
What are the prime factors of 3126235?
5, 7, 179, 499
What are the prime factors of 23684?
2, 31, 191
What are the prime factors of 9298905?
3, 5, 7, 11, 83, 97
List the prime factors of 520433.
520433
What are the prime factors of 235479?
3, 53, 1481
What are the prime factors of 434667?
3, 144889
List the prime factors of 381967.
67, 5701
List the prime factors of 1134564.
2, 3, 94547
What are the prime factors of 222986?
2, 111493
List the prime factors of 470629.
283, 1663
List the prime factors of 613005.
3, 5, 40867
What are the prime factors of 7039979?
509, 13831
What are the prime factors of 5842541?
41, 142501
What are the prime factors of 595710?
2, 3, 5, 6619
List the prime factors of 1872369.
3, 31, 2237
What are the prime factors of 10518436?
2, 433, 6073
List the prime factors of 541805.
5, 11, 9851
What are the prime factors of 314298?
2, 3, 19, 919
List the prime factors of 28287.
3, 7, 449
List the prime factors of 19452746.
2, 163, 59671
List the prime factors of 426916.
2, 7, 79, 193
What are the prime factors of 243520?
2, 5, 761
List the prime factors of 9342793.
41, 227873
What are the prime factors of 22131557?
7, 3161651
List the prime factors of 4928835.
3, 5, 328589
List the prime factors of 92626.
2, 29, 1597
List the prime factors of 4603760.
2, 5, 7, 8221
List the prime factors of 3789181.
11, 17, 23, 881
List the prime factors of 14132377.
7, 67, 30133
List the prime factors of 2627608.
2, 41, 8011
List the prime factors of 379256.
2, 47407
List the prime factors of 87046.
2, 71, 613
List the prime factors of 18831996.
2, 3, 409, 1279
List the prime factors of 15468034.
2, 229, 33773
List the prime factors of 18135579.
3, 7, 11, 78509
What are the prime factors of 376294?
2, 188147
List the prime factors of 1581693.
3, 19, 27749
What are the prime factors of 10300846?
2, 5150423
List the prime factors of 3400145.
5